be ((-1)/b)/((-1)/2). Is d/(1 + 270/(-267)) a composite number?
False
Let w(y) = 4*y**3 - 8*y**2 - 2*y + 14. Let o(v) = -v**3 + 3*v**2 + v - 5. Let z(i) = -7*o(i) - 2*w(i). Is z(-5) composite?
True
Let k(r) = r + 22. Let m be k(0). Let w = 37 - m. Suppose 5*g + 3*c = 95 + w, -g + 22 = -c. Is g composite?
True
Let p = -6 + 8. Suppose 158 = p*z + 20. Is z composite?
True
Let t = 8 - 35. Is (4/3)/((-6)/t) a prime number?
False
Suppose 0 = -5*u - 3*j + 21946, -u + 0*j + 5*j = -4406. Is u a prime number?
True
Let b be -1 - 1*(1 - -58). Let p(l) = 4*l + 7. Let f be p(-5). Let g = f - b. Is g composite?
False
Let j(u) = -10*u**2 + 5*u - 18. Let l be j(12). Let z be (-57)/15 - 2/10. Is ((-4)/(-6))/(z/l) prime?
True
Let f = 3 + 1. Let s be (f/(-8))/(2/(-1588)). Suppose -3*b + 248 + s = 0. Is b composite?
True
Is 51/2*(-74)/(-3) a composite number?
True
Let u be (-6)/15 + 2841/15. Suppose 2*b - x - 190 = -53, 0 = 3*b + 4*x - u. Is b composite?
False
Let j(v) = -v**3 - v**2 + 2*v + 1361. Is j(0) a composite number?
False
Let w(v) = -332*v**3 - 8*v**2 - 8*v - 11. Let m(r) = 111*r**3 + 3*r**2 + 3*r + 4. Let t(n) = -8*m(n) - 3*w(n). Is t(1) a composite number?
False
Let l be (-1 + 94)*4/(-3). Suppose -3*t + 6 = -t. Is (t + 0 - l)*1 prime?
True
Let q(l) = 4*l**2 - 2*l + 2. Suppose d = -d. Suppose d*a + 10 = 5*a. Is q(a) prime?
False
Suppose 2 = y - 3. Suppose 3 = 2*p + y. Is p/(2/526*-1) a composite number?
False
Let h(x) = -4*x - 2. Let j be h(-2). Let u(y) = y**2 - 2*y - 5. Let z be u(4). Suppose -z*q - 167 = -4*c, -2*q = -j + 16. Is c prime?
False
Suppose 2*y = 5*z + 3320 + 800, -2071 = -y - 3*z. Suppose y = 8*m - 3*m. Is m prime?
False
Let a be 34*1/((-6)/(-111)). Is a/3 + 2/(-3) prime?
False
Let f(u) be the third derivative of 11*u**4/8 - 4*u**3/3 - 8*u**2. Is f(5) a composite number?
False
Let d = -9 - -12. Is d/(-9)*(-201)/1 a composite number?
False
Suppose 4*c = 4*q + 16, -c + 7 = q + q. Let g(l) = 2*l + 1 + 24*l + 10*l. Is g(q) a prime number?
True
Suppose -4*v + 5*n + 4 = 0, 2*v + 2*n + 10 = -6. Is (-2)/v - (-2105)/10 a prime number?
True
Suppose -8*g - 10 = 5*p - 3*g, -p + 2*g - 14 = 0. Is -2*(111/p + 1) composite?
True
Let a(r) = -10*r**2 - 2. Let m be a(5). Is -1*(m/3 - -1) a composite number?
False
Suppose -3*p = -5 - 1. Suppose -p*q + 6 = 2*i, -7 = 2*i - i - 4*q. Is (-232)/(-6) + i/3 a prime number?
False
Let f(h) be the third derivative of -h**6/120 - h**5/5 - 5*h**4/24 + 7*h**3/3 + 2*h**2. Is f(-12) composite?
True
Suppose -2*a = 3*a - 265. Suppose 4*g + 8 = 0, 2*d - 2*g = a + 37. Is d prime?
True
Suppose -j - 450 = -4*d + 8*d, 2*d = -4*j - 1786. Let q = 753 + j. Is q prime?
True
Suppose 5*s = 5*w, -4*s - 5*w = -3*s - 30. Suppose 3*p + 356 = s*p. Suppose -5*i + c = -p, 0 = 5*i + c - 107 - 65. Is i prime?
False
Let h(b) = -6*b - 5. Let w be h(-8). Let k = w - -42. Is k prime?
False
Suppose -2*s = 3*p - 8 - 25, -3*p = 5*s - 78. Let i be 5/(s/9) - 3. Is ((-3)/2 + i)*-4 prime?
False
Let g = 77 + 108. Is g a composite number?
True
Is ((-319)/2)/(3/(-6)) a composite number?
True
Suppose -2*x = -5901 + 179. Is x prime?
True
Suppose 5*i - 2 + 20 = -u, 2*i = -2*u - 12. Is (628/(-12))/(1/i) prime?
True
Let l = -13 + 18. Suppose 0 = q - l, 2*z + 2*q - 180 = 0. Is z a prime number?
False
Let d(s) = 14*s**2 + 2*s + 7. Let t be d(3). Suppose -f = 2*f - 996. Suppose -t = -3*p + f. Is p a prime number?
True
Let c(p) = p**2 + p + 5. Is c(-6) composite?
True
Let w = 330 + -107. Is w prime?
True
Is 4118/22 - (-8)/(-44) composite?
True
Suppose 2*r - 13 = r. Let y = 8 - r. Is (y/(-2))/5*74 prime?
True
Suppose 0 = -5*v - 1 + 16, -2*g = -5*v + 661. Let m = g - -532. Is m prime?
False
Suppose -6750 = -4*q - n, -5*q + n + 5404 + 3029 = 0. Is q a composite number?
True
Let q(m) = 25*m**2 + m + 3. Let p be q(5). Suppose j + 2*j = p. Is j prime?
True
Let x(h) = -32*h + 11. Is x(-10) prime?
True
Suppose -t = -5*a + 14, 3*t - 4*t - 3*a = -10. Suppose -5 = -5*q - 0. Is t + q - (-18 + -2) a composite number?
True
Suppose j = l - 679, -683 = -l + 3*j - 0*j. Is l composite?
False
Suppose 2*m - 136 = -20. Let l = m + 55. Is l a composite number?
False
Suppose -2*i = -h - 6*i + 33, -3*h = i - 110. Is h a composite number?
False
Suppose 2*u - 1176 = -y, -2*y = u - 4*y - 583. Is u prime?
True
Let h(w) = w**2 - 3*w + 1. Let c be h(-7). Let u be 7/(3/(-1 + 7)). Suppose u + c = f. Is f composite?
True
Suppose -4*t + 3*z = -7634, -5*t + 9104 = 4*z - 423. Is t a composite number?
False
Let n be -2 + 1 + (87 - 1). Let d = n - 0. Is d prime?
False
Let k be 11/(-5) + 2/10. Let o be k + -5 - (-3)/(-1). Is 85/2 + (-5)/o prime?
True
Is 18/(-6) - 5*-1 - -597 composite?
False
Suppose 3*r = -2*r + 330. Suppose 53 = -c - r. Let q = -64 - c. Is q prime?
False
Is 146 - 3*(-4)/(-12) a prime number?
False
Suppose 2*d - 26 = -2*d + 5*o, 0 = 5*d + o - 18. Suppose -5*w + 5*k = 2*k - 209, 2*k - 176 = -d*w. Is w prime?
True
Suppose -2 + 5 = p - o, -p + 5*o - 1 = 0. Suppose -p*x + 178 + 274 = 0. Is x composite?
False
Suppose 3*b - 39 = -7*g + 4*g, -3*g = 6. Suppose -4*f + b = -117. Is f prime?
False
Let h(g) = -g**3 - 12*g**2 + g + 15. Let u be h(-12). Let p = 0 + 0. Suppose 0 = -p*q + u*q - 27. Is q composite?
True
Suppose -w + 5 = -41. Is w prime?
False
Suppose -4 = 2*h - 32. Suppose 0 = 3*s - 4*v - 1, 2*v - h + 7 = -s. Suppose -2*c = -5*z + 181 - 26, -z + 31 = s*c. Is z prime?
True
Let s be 2/(-5) - 140/25. Let h be 0*3*(-2)/s. Suppose -k - 2 = h, 0*k + k - 40 = -2*o. Is o prime?
False
Let k = 2 - -3. Let x = k - 6. Is 3 - 0 - (x - 18) prime?
False
Suppose 0 = -0*h - 2*h + 10. Suppose -h*g + 2*y + 353 = 0, -3*g + 3*y + 227 = -2*y. Is g a prime number?
False
Let a be (4/(-5))/((-8)/940). Let j = 321 + a. Is j composite?
True
Let t(j) = 38*j**3 - 2*j**2 + 1. Let o be 4/10 + (-36)/(-10). Suppose 0*d = o*d - 4. Is t(d) composite?
False
Let k = 0 + -1. Let y be (k - 1) + 4 + 0. Suppose 2*g + y*g = 24. Is g a composite number?
True
Let i be 58 + -1 - 0/5. Suppose 3*b + 114 = 2*v, v - 5*b - 14 = i. Is v a prime number?
False
Let u = 0 - 1. Let v(m) = -36*m - 1. Is v(u) composite?
True
Suppose -2*u + 371 = 5*y, -3*y - 494 = -3*u + 31. Is u prime?
False
Suppose 0 = -17*a + 16*a + 849. Is a a composite number?
True
Let y = -6 - -8. Suppose 0*o + 4*j = -y*o - 30, -4*j + 62 = -2*o. Let b = o - -69. Is b prime?
False
Let k(l) = 2*l**2 - 3*l + 3. Let p be k(2). Suppose -3 = -x - 5*r + 39, -x + p*r = -92. Is x a composite number?
False
Let y(a) = a**3 - 14*a**2 + 14*a - 11. Let b be y(13). Suppose q - 161 = -b*k, -q + 3*k - 2*k = -164. Is q a prime number?
True
Let r(d) = -28*d - 1. Is r(-5) a prime number?
True
Let c(p) = 59*p**2 + 2*p. Let f be c(-3). Suppose -3*y - 2*y = -f. Suppose -v + 6*v - y = 0. Is v composite?
True
Let l = 0 - -2. Let r(p) = -2*p**2 + p**3 + 5*p - 1 + 0 - l*p**3. Is r(-4) prime?
True
Let b = -15 + 22. Suppose -4*x = -5*c + 24, -c - c = x - b. Suppose 2*g - 172 = 4*s + 54, 0 = -c*g + 3*s + 467. Is g composite?
True
Suppose -2*h + 16 = -4*h. Let a = -23 - h. Is (-115)/a*(4 - 1) a prime number?
True
Suppose -5*m - 3*j + 1833 = 0, 4*j - 6*j = m - 361. Suppose 0*r = 3*r + 3*o - m, -r + 4*o + 113 = 0. Is r a composite number?
True
Suppose 2 = s - 129. Is s prime?
True
Let h = 2 - 6. Let m(w) = -3*w + 5*w**2 - 2 - 2 - 1 + w**3 + 0*w**3. Is m(h) prime?
True
Suppose 487 = 8*p - 1297. Is p a composite number?
False
Let y(o) = 4*o + 3. Let z be y(-2). Let m be ((-78)/z)/(6/885). Is m/7 - (-6)/21 a prime number?
False
Suppose 0*z = -2*z + 8. Let n be 1 + ((-2)/2 - -2). Suppose -n*d - z*m + 60 = 0, -d - 2*m + 38 = 2*m. Is d a composite number?
True
Suppose 0 = -b + 3*k + 22, 3*k - 16 = 3*b - 64. Suppose -5*s = 5*v + 137 + b, -3*s = -3*v + 102. Let l = -18 - s. Is l prime?
False
Is 874 + -1 + (-11 - -7) prime?
False
Suppose -690 = -0*a - 6*a. Is a a prime number?
False
Suppose 2*r - 5*r = 1674. Let q = 817 + r. Is q a composite number?
True
Let r(z) = 9*z**3 + 0 - 3*z**3 + z**3 + 1 - z**2. Is r(1) composite?
False
Suppose 4*c - c = h - 109, -2*h = -5*c - 219. Suppose m - 34 - h = -5*g, 2*g - 425 = -3*m. Is m a composite number?
True
Let f = 424 - -415. Is f prime?
True
Suppose -2*p - 3*p + 1078 = q, 3*p + 5*q = 660. Is p prime?
False
Let l = 77 - -1580. Is l a prime number?
True
Suppose -x + 73 = 